{"id":987,"date":"2020-03-10T12:28:53","date_gmt":"2020-03-10T11:28:53","guid":{"rendered":"https:\/\/muzeumpolonii.uw.edu.pl\/?page_id=987"},"modified":"2025-04-14T06:59:38","modified_gmt":"2025-04-14T04:59:38","slug":"kalendarze","status":"publish","type":"page","link":"https:\/\/muzeumpolonii.uw.edu.pl\/?page_id=987","title":{"rendered":"Kalendarze"},"content":{"rendered":"\n<hr color=\"red\">\n\n\n<p><span class=\"personname\"><span style=\"color: black; font-family: Arial; font-size: small;\">(1898) <\/span><\/span><span style=\"color: black; font-family: Arial; font-size: small;\"> <a href=\"https:\/\/pbc.uw.edu.pl\/id\/eprint\/894\/1\/Kalendarz_1898.pdf\"><em><i><span style=\"color: #0645ad; font-family: Arial;\">Kalendarz 1898 [F.B. Zdanowskiego].<\/span><\/i><\/em><\/a><\/span><\/p>\n\n<p><span style=\"color: black; font-family: Arial; font-size: small;\">(1901) <a href=\"https:\/\/pbc.uw.edu.pl\/id\/eprint\/2903\/1\/Kalendarz_1901.pdf\"><em><i><span style=\"color: #0645ad; font-family: Arial;\">Kalendarz Polski z dodatkiem wykazu \u015bwi\u0119tych pod\u0142ug obrz\u0105dku grecko-katolickiego na rok zwyczajny 1901 Franciszka Bernarda Zdanowskiego.<\/span><\/i><\/em><\/a><\/span><\/p>\n\n<p><span style=\"color: black; font-family: Arial; font-size: small;\">(1910) <a href=\"https:\/\/pbc.uw.edu.pl\/id\/eprint\/13189\/1\/Kalendarz_Kolonisty_1910.pdf\"><em><i><span style=\"color: #0645ad; font-family: Arial;\">Kolonista : Kalendarz Polski w Brazylji na rok 1910.<\/span><\/i><\/em><\/a><\/span><\/p>\n\n<p><span style=\"color: black; font-family: Arial; font-size: small;\">(1911) <a href=\"wp-content\/uploads\/Kalendarz_1911.pdf\"><em><i><span style=\"color: #0645ad; font-family: Arial;\">Kolonista : Kalendarz Polski w Brazylji na rok 1911.<\/span><\/i><\/em><\/a><\/span><\/p>\n\n<p><span style=\"color: black; font-family: Arial; font-size: small;\">(1915) <a href=\"https:\/\/pbc.uw.edu.pl\/id\/eprint\/13191\/1\/Kalendarz_Polski_1915.pdf\"><em><i><span style=\"color: #0645ad; font-family: Arial;\">Kalendarz Polski w Brazylji na rok 1915.<\/span><\/i><\/em><\/a><\/span><\/p>\n\n<p><span style=\"color: black; font-family: Arial; font-size: small;\">(1917) <a href=\"https:\/\/pbc.uw.edu.pl\/id\/eprint\/13192\/1\/Kalendarz_Polski_1917.pdf\"><em><i><span style=\"color: #0645ad; font-family: Arial;\">Kalendarz Polski w Brazylji 1917.<\/span><\/i><\/em><\/a><\/span><\/p>\n\n<p><span style=\"color: black; font-family: Arial; font-size: small;\">(1918) <a href=\"https:\/\/pbc.uw.edu.pl\/id\/eprint\/13193\/1\/Kalendarz_Polski_1918.pdf\"><em><i><span style=\"color: #0645ad; font-family: Arial;\">Kalendarz Polski w Brazylji 1918.<\/span><\/i><\/em><\/a><\/span><\/p>\n\n<p><span style=\"color: black; font-family: Arial; font-size: small;\">(1919) <a href=\"https:\/\/pbc.uw.edu.pl\/id\/eprint\/13194\/1\/Kalendarz_Polski_1919.pdf\"><em><i><span style=\"color: #0645ad; font-family: Arial;\">Kalendarz Polski w Brazylji 1919.<\/span><\/i><\/em><\/a><\/span><\/p>\n\n<p><span style=\"color: black; font-family: Arial; font-size: small;\">(1920) <a href=\"https:\/\/pbc.uw.edu.pl\/id\/eprint\/13195\/1\/Kalendarz_Polski_1920.pdf\"><em><i><span style=\"color: #0645ad; font-family: Arial;\">Kalendarz Polski w Brazylji 1920.<\/span><\/i><\/em><\/a><\/span><\/p>\n\n<p><span style=\"color: black; font-family: Arial; font-size: small;\">(1920) <a href=\"wp-content\/uploads\/Kalendarz_1\n920.pdf\"><em><i><span style=\"color: #0645ad; font-family: Arial;\">Kalendarz Zwi\u0105zku Polskich Demokrat\u00f3w 1920.<\/span><\/i><\/em><\/a><\/span><\/p>\n\n<p><span style=\"color: black; font-family: Arial; font-size: small;\">(1921) <a href=\"https:\/\/pbc.uw.edu.pl\/id\/eprint\/13196\/1\/Kalendarz_Polski_1921.pdf\"><em><i><span style=\"color: #0645ad; font-family: Arial;\">Kalendarz Polski w Brazylji 1921.<\/span><\/i><\/em><\/a><\/span><\/p>\n\n<p><span style=\"color: black; font-family: Arial; font-size: small;\">(1929) <a href=\"wp-content\/uploads\/Kalendarz_1\n929.pdf\"><em><i><span style=\"color: #0645ad; font-family: Arial;\">Kalendarz &#8222;\u015awitu&#8221; na rok 1929.<\/span><\/i><\/em><\/a><\/span><\/p>\n\n<p><span style=\"color: black; font-family: Arial; font-size: small;\">(1931) <a href=\"wp-content\/uploads\/Kalendarz_1\n931.pdf\"><em><i><span style=\"color: #0645ad; font-family: Arial;\">Kalendarz &#8222;Polskiej Prawdy w Brazylji&#8221; na rok 1931.<\/span><\/i><\/em><\/a><\/span><\/p>\n\n<p><span style=\"color: black; font-family: Arial; font-size: small;\">(1934) <a href=\"wp-content\/uploads\/Kalendarz_1\n934.pdf\"><em><i><span style=\"color: #0645ad; font-family: Arial;\">Kalendarz &#8222;Gazety Polskiej w Brazylji&#8221; 1934.<\/span><\/i><\/em><\/a><\/span><\/p>\n\n<p><span style=\"color: black; font-family: Arial; font-size: small;\">(1935) <a href=\"https:\/\/pbc.uw.edu.pl\/id\/eprint\/13190\/1\/Kalendarz_Ludu_1935.pdf\"><em><i><span style=\"color: #0645ad; font-family: Arial;\">Kalendarz &#8222;Ludu&#8221; 1935.<\/span><\/i><\/em><\/a><\/span><\/p>\n\n<p><span style=\"color: black; font-family: Arial; font-size: small;\">(1940) <a href=\"wp-content\/uploads\/Kalendarz_Ludu_1\n940.pdf\"><em><i><span style=\"color: #0645ad; font-family: Arial;\">Kalendarz &#8222;Ludu&#8221; 1940.<\/span><\/i><\/em><\/a><\/span><\/p>\n\n<p><span style=\"color: black; font-family: Arial; font-size: small;\">(1972) <a href=\"wp-content\/uploads\/Kalendarz_Ludu_1\n972.pdf\"><em><i><span style=\"color: #0645ad; font-family: Arial;\">Kalendarz &#8222;Ludu&#8221; 1972.<\/span><\/i><\/em><\/a><\/span><\/p>\n\n<p><span style=\"color: black; font-family: Arial; font-size: small;\">(1973) <a href=\"wp-content\/uploads\/Kalendarz_Ludu_1\n973.pdf\"><em><i><span style=\"color: #0645ad; font-family: Arial;\">Kalendarz &#8222;Ludu&#8221; 1973.<\/span><\/i><\/em><\/a><\/span><\/p>\n\n<p><span style=\"color: black; font-family: Arial; font-size: small;\">(2024) <a href=\"https:\/\/pbc.uw.edu.pl\/id\/eprint\/30015\/1\/Kalendarz_2024.pdf\"><em><i><span style=\"color: #0645ad; font-family: Arial;\">Kalendarz \u015al\u0105ski 2024.<\/span><\/i><\/em><\/a><\/span><\/p>\n\t","protected":false},"excerpt":{"rendered":"<div class=\"mh-excerpt\"> <a class=\"mh-excerpt-more\" href=\"https:\/\/muzeumpolonii.uw.edu.pl\/?page_id=987\" title=\"Kalendarze\">[&#8230;]<\/a><\/div>\n","protected":false},"author":1,"featured_media":0,"parent":7,"menu_order":0,"comment_status":"closed","ping_status":"closed","template":"","meta":{"footnotes":""},"class_list":["post-987","page","type-page","status-publish"],"_links":{"self":[{"href":"https:\/\/muzeumpolonii.uw.edu.pl\/index.php?rest_route=\/wp\/v2\/pages\/987","targetHints":{"allow":["GET"]}}],"collection":[{"href":"https:\/\/muzeumpolonii.uw.edu.pl\/index.php?rest_route=\/wp\/v2\/pages"}],"about":[{"href":"https:\/\/muzeumpolonii.uw.edu.pl\/index.php?rest_route=\/wp\/v2\/types\/page"}],"author":[{"embeddable":true,"href":"https:\/\/muzeumpolonii.uw.edu.pl\/index.php?rest_route=\/wp\/v2\/users\/1"}],"replies":[{"embeddable":true,"href":"https:\/\/muzeumpolonii.uw.edu.pl\/index.php?rest_route=%2Fwp%2Fv2%2Fcomments&post=987"}],"version-history":[{"count":25,"href":"https:\/\/muzeumpolonii.uw.edu.pl\/index.php?rest_route=\/wp\/v2\/pages\/987\/revisions"}],"predecessor-version":[{"id":5713,"href":"https:\/\/muzeumpolonii.uw.edu.pl\/index.php?rest_route=\/wp\/v2\/pages\/987\/revisions\/5713"}],"up":[{"embeddable":true,"href":"https:\/\/muzeumpolonii.uw.edu.pl\/index.php?rest_route=\/wp\/v2\/pages\/7"}],"wp:attachment":[{"href":"https:\/\/muzeumpolonii.uw.edu.pl\/index.php?rest_route=%2Fwp%2Fv2%2Fmedia&parent=987"}],"curies":[{"name":"wp","href":"https:\/\/api.w.org\/{rel}","templated":true}]}}