{"id":641,"date":"2018-01-17T05:11:30","date_gmt":"2018-01-17T05:11:30","guid":{"rendered":"https:\/\/muzeumpolonii.uw.edu.pl\/?page_id=641"},"modified":"2025-03-21T08:01:39","modified_gmt":"2025-03-21T07:01:39","slug":"rosja","status":"publish","type":"page","link":"https:\/\/muzeumpolonii.uw.edu.pl\/?page_id=641","title":{"rendered":"Rosja"},"content":{"rendered":"\n<hr color=\"red\">\n\n\n<figure id=\"attachment_643\" class=\"wp-caption alignleft\" style=\"width: 207px;\" aria-describedby=\"caption-attachment-643\"><img loading=\"lazy\" decoding=\"async\" class=\" wp-image-1225 alignleft\" src=\"https:\/\/muzeumpolonii.uw.edu.pl\/wp-content\/uploads\/2020\/03\/Adam_Mickiewicz-244x300.jpg\" sizes=\"auto, (max-width: 207px) 100vw, 207px\" srcset=\"https:\/\/muzeumpolonii.uw.edu.pl\/wp-content\/uploads\/2020\/03\/Adam_Mickiewicz-244x300.jpg 244w, https:\/\/muzeumpolonii.uw.edu.pl\/wp-content\/uploads\/2020\/03\/Adam_Mickiewicz.jpg 487w\" alt=\"\" width=\"207\" height=\"255\" \/><figcaption id=\"caption-attachment-643\" class=\"wp-caption-text\"><center>Portret Adama Mickiewicza na Judahu skale, obraz Walentego Wa\u0144kowicza<\/center><\/figcaption><\/figure>\n<p>Wprawdzie oficjalne statystyki notuj\u0105 niewielk\u0105 liczb\u0119 Polak\u00f3w w Rosji, bo nie przekraczaj\u0105c\u0105 100 tys., ale liczba os\u00f3b o polskich korzeniach jest niepor\u00f3wnywalnie wi\u0119ksza i si\u0119ga kilkuset tysi\u0119cy. Wi\u0119kszo\u015b\u0107 Polak\u00f3w znalaz\u0142a si\u0119 w Rosji na skutek zmiany granic i pod przymusem, ale by\u0142a te\u017c emigracja zarobkowa w drugiej po\u0142owie XIX w. i na pocz\u0105tku XX w. &#8211; zw\u0142aszcza do metropolii. Polacy zsy\u0142ani byli na s\u0142abo zaludnione tereny, szczeg\u00f3lnie na p\u00f3\u0142nocy i wschodzie Rosji. Po roku 1991 Polacy emigrowali do Rosji przede wszystkim z by\u0142ych republik radzieckich. W Rosji wydawane s\u0105 czasopisma polonijne, publikowane polskie ksi\u0105\u017cki i prowadzone polskoj\u0119zyczne strony internetowe. W Rosji s\u0105 r\u00f3wnie\u017c &#8222;domy polskie&#8221; i polskie ko\u015bcio\u0142y.<\/p>\n<p>Po roku 1991 regionalne organizacje polonijne powsta\u0142y w wielu miastach Rosji: w Abakanie, Barnaule, Bijsku, W\u0142adykaukazie, Wo\u0142gogradzie, W\u0142adywostoku, Jekaterynburgu, Kazaniu, Jaros\u0142awiu, Kaliningradzie, Krasnodarze, Mineralnych Wodach, Nalczyku, Nowosybirsku, Orenburgu, Permie, Penzie, Rostowie nad Donem, Petersburgu, Samarze, Smole\u0144sku, Saratowie, Tomsku, Togliattim, Tiumeni i Ufie. W Rosji ukazuj\u0105 si\u0119 czasopisma w j\u0119zyku polskim: \u201eRodacy\u201d (Abakan), \u201eGazeta Petersburska\u201d (Petersburg), \u201eWiadomo\u015bci Polskie\u201d (Krasnodar) i \u201eG\u0142os znad Prego\u0142y\u201d (Kaliningrad). Organizacje polonijne powo\u0142a\u0142y Kongres Polak\u00f3w w Rosji i utrzymuj\u0105 wi\u0119\u017a ze Stowarzyszeniem Wsp\u00f3lnota Polska.<\/p>\n<p>Dziejom Polonii w Rosji po\u015bwi\u0119cone s\u0105 wydane w Krasnodarze ksi\u0105\u017cki <a href=\"https:\/\/pbc.uw.edu.pl\/view\/divisions\/fac-mid.html\" target=\"_blank\" rel=\"noopener noreferrer\">A. Selickiego, H. Gral\u00e2 i A. Petrovskiego<\/a>. W Krasnodarze wychodz\u0105 r\u00f3wnie\u017c\u00a0\u00a0<a href=\"https:\/\/pbc.uw.edu.pl\/view\/divisions\/Wi.html\" target=\"_blank\" rel=\"noopener noreferrer\"><em>Wiadomo\u015bci Polskie<\/em><\/a> wydawane przez Centrum &#8222;Jedno\u015b\u0107&#8221; na Kubaniu.<\/p>\n\n\n<a href=\"https:\/\/pbc.uw.edu.pl\/387\/1\/Polaki_v_Rossii_XVII-XX.pdf\" ><img decoding=\"async\" src=\"\/wp-content\/uploads\/Polak.jpg\" alt=\"Polaki v Rossii XVII-XX \"\/><\/a>\n<a href=\"https:\/\/pbc.uw.edu.pl\/view\/divisions\/Maly=5FPolak.html\" ><img decoding=\"async\" src=\"\/wp-content\/uploads\/Maly.jpg\"  alt=\"Ma\u0142y Polak w\u015br\u00f3d G\u00f3r\"\/><\/a>  \n<a href=\"https:\/\/pbc.uw.edu.pl\/view\/divisions\/Jednosc.html\"><img decoding=\"async\" src=\"\/wp-content\/uploads\/Jednosc.jpg\" alt=\"Jedno\u015b\u0107\" \/><\/a>\n<a href=\"https:\/\/pbc.uw.edu.pl\/7678\/1\/Martyrologium.pdf\" ><img decoding=\"async\" src=\"\/wp-content\/uploads\/Martyrologium.jpg\" alt=\"Martyrologium\" \/><\/a>\n<a href=\"https:\/\/www.pbc.uw.edu.pl\/386\/1\/Selicki.pdf\" ><img decoding=\"async\" src=\"\/wp-content\/uploads\/Selicki.jpg\" alt=\"Polaki na Kubani\" \/><\/a>\n<a href=\"https:\/\/pbc.uw.edu.pl\/view\/divisions\/Rodacy.html\" ><img decoding=\"async\"  src=\"\/wp-content\/uploads\/Rod.jpg\" alt=\"Rodacy\" \/>\n\n\n\n<p><\/p>\n","protected":false},"excerpt":{"rendered":"<div class=\"mh-excerpt\"> <a class=\"mh-excerpt-more\" href=\"https:\/\/muzeumpolonii.uw.edu.pl\/?page_id=641\" title=\"Rosja\">[&#8230;]<\/a><\/div>\n","protected":false},"author":1,"featured_media":0,"parent":0,"menu_order":0,"comment_status":"closed","ping_status":"closed","template":"","meta":{"footnotes":""},"class_list":["post-641","page","type-page","status-publish"],"_links":{"self":[{"href":"https:\/\/muzeumpolonii.uw.edu.pl\/index.php?rest_route=\/wp\/v2\/pages\/641","targetHints":{"allow":["GET"]}}],"collection":[{"href":"https:\/\/muzeumpolonii.uw.edu.pl\/index.php?rest_route=\/wp\/v2\/pages"}],"about":[{"href":"https:\/\/muzeumpolonii.uw.edu.pl\/index.php?rest_route=\/wp\/v2\/types\/page"}],"author":[{"embeddable":true,"href":"https:\/\/muzeumpolonii.uw.edu.pl\/index.php?rest_route=\/wp\/v2\/users\/1"}],"replies":[{"embeddable":true,"href":"https:\/\/muzeumpolonii.uw.edu.pl\/index.php?rest_route=%2Fwp%2Fv2%2Fcomments&post=641"}],"version-history":[{"count":80,"href":"https:\/\/muzeumpolonii.uw.edu.pl\/index.php?rest_route=\/wp\/v2\/pages\/641\/revisions"}],"predecessor-version":[{"id":5497,"href":"https:\/\/muzeumpolonii.uw.edu.pl\/index.php?rest_route=\/wp\/v2\/pages\/641\/revisions\/5497"}],"wp:attachment":[{"href":"https:\/\/muzeumpolonii.uw.edu.pl\/index.php?rest_route=%2Fwp%2Fv2%2Fmedia&parent=641"}],"curies":[{"name":"wp","href":"https:\/\/api.w.org\/{rel}","templated":true}]}}