{"id":2658,"date":"2020-11-06T13:50:30","date_gmt":"2020-11-06T12:50:30","guid":{"rendered":"https:\/\/muzeumpolonii.uw.edu.pl\/?page_id=2658"},"modified":"2024-02-15T08:26:20","modified_gmt":"2024-02-15T07:26:20","slug":"przedchalcedonskie-koscioly-wschodu","status":"publish","type":"page","link":"https:\/\/muzeumpolonii.uw.edu.pl\/?page_id=2658","title":{"rendered":"Przedchalcedo\u0144skie Ko\u015bcio\u0142y Wschodu"},"content":{"rendered":"\n<hr color=\"red\">\n\n<p><br>Ks. prof. <a href=\"?page_id=1611\">Marek Starowieyski<\/a><\/p>\n\n\n\n<p>Cz. 1<br> Ko\u015bcio\u0142y przedchalcedo\u0144skie<\/p>\n\n\n\n<p>Data emisji: 07.01.2002<br> Czas trwania: 8\u201913\u201d<\/p>\n\n\n\n<figure class=\"wp-block-audio\"><audio controls=\"\" src=\"https:\/\/pbc.uw.edu.pl\/13836\/1\/Koscioly%20przedchalcedonskie_Track_1.mp3\"><\/audio><\/figure>\n\n\n\n<p>Cz. 2<br>Sobory efeski i chalcedo\u0144ski<\/p>\n\n\n\n<p>Data emisji: 14.01.2003<br> Czas trwania: 7\u201935\u201d<\/p>\n\n\n\n<figure class=\"wp-block-audio\"><audio controls=\"\" src=\"https:\/\/pbc.uw.edu.pl\/13836\/2\/Sobory_efeski_i_chalcedonski_Track_2.mp3\"><\/audio><\/figure>\n\n\n\n<p>Cz. 3<br> Maronici<\/p>\n\n\n\n<p>Data emisji: 21.01.2003<br> Czas trwania: 8\u201910\u201d<\/p>\n\n\n\n<figure class=\"wp-block-audio\"><audio controls=\"\" src=\"https:\/\/pbc.uw.edu.pl\/13836\/3\/Maronici_Track_3.mp3\"><\/audio><\/figure>\n\n\n\n<p>Cz. 4<br> Ko\u015bci\u00f3\u0142 chaldejski<\/p>\n\n\n\n<p>Data emisji: 28.01.2003<br> Czas trwania: 8\u201949\u201d<\/p>\n\n\n\n<figure class=\"wp-block-audio\"><audio controls=\"\" src=\"https:\/\/pbc.uw.edu.pl\/13836\/4\/Kosciol_chaldejski_Track_4.mp3\"><\/audio><\/figure>\n\n\n\n<p>Cz. 5<br> Ko\u015bcio\u0142y w Indiach<\/p>\n\n\n\n<p>Data emisji: 04.02.2003<br> Czas trwania: 7\u201921\u201d<\/p>\n\n\n\n<figure class=\"wp-block-audio\"><audio controls=\"\" src=\"https:\/\/pbc.uw.edu.pl\/13836\/5\/Koscioly%20w%20Indiach_Track_5.mp3\"><\/audio><\/figure>\n\n\n\n<p>Cz. 6<br> Koptowie<\/p>\n\n\n\n<p>Data emisji: 18.02.2003<br> Czas trwania: 9\u201919\u201d<\/p>\n\n\n\n<figure class=\"wp-block-audio\"><audio controls=\"\" src=\"https:\/\/pbc.uw.edu.pl\/13836\/6\/Koptowie_Track_6.mp3\"><\/audio><\/figure>\n\n\n\n<p>Cz. 7<br> Melchici<\/p>\n\n\n\n<p>Data emisji: 25.02.2003<br> Czas trwania: 5\u201953\u201d<\/p>\n\n\n\n<figure class=\"wp-block-audio\"><audio controls=\"\" src=\"https:\/\/pbc.uw.edu.pl\/13836\/7\/Melchici_Track_7.mp3\"><\/audio><\/figure>\n\n\n\n<p>Cz. 8<br> Ko\u015bci\u00f3\u0142 syryjski<\/p>\n\n\n\n<p>Data emisji: 04.03.2003<br> Czas trwania: 9\u201910\u201d<\/p>\n\n\n\n<figure class=\"wp-block-audio\"><audio controls=\"\" src=\"https:\/\/pbc.uw.edu.pl\/13836\/8\/Kosciol_syryjski_Track_8.mp3\"><\/audio><\/figure>\n\n\n\n<p>Cz. 9<br>Ormianie<\/p>\n\n\n\n<p>Data emisji: 11.03.2003<br> Czas trwania: 9\u201902\u201d<\/p>\n\n\n\n<figure class=\"wp-block-audio\"><audio controls=\"\" src=\"https:\/\/pbc.uw.edu.pl\/13836\/9\/Ormianie_Track_9.mp3\"><\/audio><\/figure>\n&gt;\n","protected":false},"excerpt":{"rendered":"<div class=\"mh-excerpt\"> <a class=\"mh-excerpt-more\" href=\"https:\/\/muzeumpolonii.uw.edu.pl\/?page_id=2658\" title=\"Przedchalcedo\u0144skie Ko\u015bcio\u0142y Wschodu\">[&#8230;]<\/a><\/div>\n","protected":false},"author":1,"featured_media":0,"parent":0,"menu_order":0,"comment_status":"closed","ping_status":"closed","template":"","meta":{"footnotes":""},"class_list":["post-2658","page","type-page","status-publish"],"_links":{"self":[{"href":"https:\/\/muzeumpolonii.uw.edu.pl\/index.php?rest_route=\/wp\/v2\/pages\/2658","targetHints":{"allow":["GET"]}}],"collection":[{"href":"https:\/\/muzeumpolonii.uw.edu.pl\/index.php?rest_route=\/wp\/v2\/pages"}],"about":[{"href":"https:\/\/muzeumpolonii.uw.edu.pl\/index.php?rest_route=\/wp\/v2\/types\/page"}],"author":[{"embeddable":true,"href":"https:\/\/muzeumpolonii.uw.edu.pl\/index.php?rest_route=\/wp\/v2\/users\/1"}],"replies":[{"embeddable":true,"href":"https:\/\/muzeumpolonii.uw.edu.pl\/index.php?rest_route=%2Fwp%2Fv2%2Fcomments&post=2658"}],"version-history":[{"count":9,"href":"https:\/\/muzeumpolonii.uw.edu.pl\/index.php?rest_route=\/wp\/v2\/pages\/2658\/revisions"}],"predecessor-version":[{"id":4670,"href":"https:\/\/muzeumpolonii.uw.edu.pl\/index.php?rest_route=\/wp\/v2\/pages\/2658\/revisions\/4670"}],"wp:attachment":[{"href":"https:\/\/muzeumpolonii.uw.edu.pl\/index.php?rest_route=%2Fwp%2Fv2%2Fmedia&parent=2658"}],"curies":[{"name":"wp","href":"https:\/\/api.w.org\/{rel}","templated":true}]}}