{"id":2514,"date":"2020-10-17T21:26:25","date_gmt":"2020-10-17T19:26:25","guid":{"rendered":"https:\/\/muzeumpolonii.uw.edu.pl\/?page_id=2514"},"modified":"2021-07-14T06:17:24","modified_gmt":"2021-07-14T04:17:24","slug":"andrzej-danilewicz-2","status":"publish","type":"page","link":"https:\/\/muzeumpolonii.uw.edu.pl\/?page_id=2514","title":{"rendered":"Andrzej Danilewicz"},"content":{"rendered":"\n<hr color=\"red\">\n&nbsp;\n\n\n\n<div class=\"wp-block-media-text alignwide is-vertically-aligned-top\" style=\"grid-template-columns:27% auto\"><figure class=\"wp-block-media-text__media\"><img loading=\"lazy\" decoding=\"async\" width=\"290\" height=\"400\" src=\"https:\/\/muzeumpolonii.uw.edu.pl\/wp-content\/uploads\/2020\/10\/A_Danilewicz.jpg\" alt=\"\" class=\"wp-image-2429\" srcset=\"https:\/\/muzeumpolonii.uw.edu.pl\/wp-content\/uploads\/2020\/10\/A_Danilewicz.jpg 290w, https:\/\/muzeumpolonii.uw.edu.pl\/wp-content\/uploads\/2020\/10\/A_Danilewicz-218x300.jpg 218w\" sizes=\"auto, (max-width: 290px) 100vw, 290px\" \/><\/figure><div class=\"wp-block-media-text__content\">\n<p>O. <strong>Andrzej Danilewicz<\/strong>, SVD po studiach filozoficzno-teologicznych i przyj\u0119ciu \u015bwi\u0119ce\u0144 kap\u0142a\u0144skich przebywa\u0142 na S\u0142owacji i w Irlandii. Po powrocie do kraju wsp\u00f3\u0142pracowa\u0142 z Telewizj\u0105 Niepokalan\u00f3w i przygotowywa\u0142 cykliczne audycje dla Radia Watyka\u0144skiego. Obecnie jest sekretarzem ds. misji i rzecznikiem polskiej prowincji werbist\u00f3w.<\/p>\n&nbsp;\n&nbsp;\n&nbsp;\n<\/div><\/div>\n\n\n\n&nbsp;\n&nbsp;\n&nbsp;\n<p><strong> Audycje tematyczne:<\/strong><\/p>\n\n\n\n<p><a href=\"?page_id=3691\">A\u017c po kra\u0144ce \u015bwiata<\/a><\/p>\n\n\n\n<p><a href=\"?page_id=2550\">Kino &#8211; wehiku\u0142 ludzkich t\u0119sknot<\/a><\/p>\n\n\n\n<p><a href=\"?page_id=2428\"> Z muzycznego skarbca ko\u015bcio\u0142a<\/a><\/p>\n","protected":false},"excerpt":{"rendered":"<div class=\"mh-excerpt\"> <a class=\"mh-excerpt-more\" href=\"https:\/\/muzeumpolonii.uw.edu.pl\/?page_id=2514\" title=\"Andrzej Danilewicz\">[&#8230;]<\/a><\/div>\n","protected":false},"author":1,"featured_media":0,"parent":0,"menu_order":0,"comment_status":"closed","ping_status":"closed","template":"","meta":{"footnotes":""},"class_list":["post-2514","page","type-page","status-publish"],"_links":{"self":[{"href":"https:\/\/muzeumpolonii.uw.edu.pl\/index.php?rest_route=\/wp\/v2\/pages\/2514","targetHints":{"allow":["GET"]}}],"collection":[{"href":"https:\/\/muzeumpolonii.uw.edu.pl\/index.php?rest_route=\/wp\/v2\/pages"}],"about":[{"href":"https:\/\/muzeumpolonii.uw.edu.pl\/index.php?rest_route=\/wp\/v2\/types\/page"}],"author":[{"embeddable":true,"href":"https:\/\/muzeumpolonii.uw.edu.pl\/index.php?rest_route=\/wp\/v2\/users\/1"}],"replies":[{"embeddable":true,"href":"https:\/\/muzeumpolonii.uw.edu.pl\/index.php?rest_route=%2Fwp%2Fv2%2Fcomments&post=2514"}],"version-history":[{"count":29,"href":"https:\/\/muzeumpolonii.uw.edu.pl\/index.php?rest_route=\/wp\/v2\/pages\/2514\/revisions"}],"predecessor-version":[{"id":3700,"href":"https:\/\/muzeumpolonii.uw.edu.pl\/index.php?rest_route=\/wp\/v2\/pages\/2514\/revisions\/3700"}],"wp:attachment":[{"href":"https:\/\/muzeumpolonii.uw.edu.pl\/index.php?rest_route=%2Fwp%2Fv2%2Fmedia&parent=2514"}],"curies":[{"name":"wp","href":"https:\/\/api.w.org\/{rel}","templated":true}]}}