{"id":2428,"date":"2020-10-16T22:58:11","date_gmt":"2020-10-16T20:58:11","guid":{"rendered":"https:\/\/muzeumpolonii.uw.edu.pl\/?page_id=2428"},"modified":"2024-02-15T07:05:54","modified_gmt":"2024-02-15T06:05:54","slug":"andrzej-danilewicz","status":"publish","type":"page","link":"https:\/\/muzeumpolonii.uw.edu.pl\/?page_id=2428","title":{"rendered":"Z muzycznego skarbca ko\u015bcio\u0142a"},"content":{"rendered":"\n<hr color=\"red\">\n&nbsp;\n\n\n\n<p>Zrealizowa\u0142 o. <a href=\"?page_id=2514\">Andrzej Danilewicz<\/a> we wsp\u00f3\u0142pracy z ks.  Grzegorzem Mocarskim w roku 2002.<\/p>\n\n\n\n\n<figure class=\"wp-block-audio\"><audio controls src=\"https:\/\/pbc.uw.edu.pl\/13816\/1\/Danilewicz_Andrzej_Alleluja.mp3\"><\/audio><\/figure>\n\n\n\n<p class=\"has-text-align-center\"><strong>Audycja z okazji \u015awi\u0105t Wielkanocnych<\/strong><\/p>\n\n\n\n<figure class=\"wp-block-audio\"><audio controls src=\"https:\/\/pbc.uw.edu.pl\/13816\/2\/Danilewicz_Andrzej_Renesans.mp3\"><\/audio><\/figure>\n\n\n\n<p class=\"has-text-align-center\"><strong>Muzyka renesansu<\/strong><\/p>\n\n\n\n<figure class=\"wp-block-audio\"><audio controls src=\"https:\/\/pbc.uw.edu.pl\/13816\/3\/Danilewicz_Andrzej_Barok.mp3\"><\/audio><\/figure>\n\n\n\n<p class=\"has-text-align-center\"><strong>Charakterystyka okresu baroku<\/strong><\/p>\n\n\n\n<figure class=\"wp-block-audio\"><audio controls src=\"https:\/\/pbc.uw.edu.pl\/13816\/4\/Danilewicz_Andrzej_Okres_klasyczny.mp3\"><\/audio><\/figure>\n\n\n\n<p class=\"has-text-align-center\"><strong>Okres klasyczny w muzyce<\/strong><\/p>\n\n\n\n<figure class=\"wp-block-audio\"><audio controls src=\"https:\/\/pbc.uw.edu.pl\/13816\/5\/Danilewicz_Andrzej_Romantyzm.mp3\"><\/audio><\/figure>\n\n\n\n<p class=\"has-text-align-center\"><strong>Romantyzm<\/strong><\/p>\n\n\n\n<figure class=\"wp-block-audio\"><audio controls src=\"https:\/\/pbc.uw.edu.pl\/13839\/1\/Danilewicz_Andrzej_Muzyka_XX_wieku.mp3\"><\/audio><\/figure>\n\n\n\n<p class=\"has-text-align-center\"><strong>Muzyka XX wieku<\/strong><\/p>\n\n\n\n<br><h3 class=\"has-text-align-left\">Audycje po\u015bwi\u0119cone kompozytorom:<\/h3>\n\n\n\n<hr color=\"red\">\n&nbsp;\n\n\n\n<figure class=\"wp-block-audio\"><audio controls src=\"https:\/\/pbc.uw.edu.pl\/14374\/1\/Josquin%20des%20Pres.mp3\"><\/audio><\/figure>\n\n\n\n<p class=\"has-text-align-center\"><strong>Josquin d\u00e9s Pr\u00e9s<\/strong><\/p>\n\n\n\n<figure class=\"wp-block-audio\"><audio controls src=\"https:\/\/pbc.uw.edu.pl\/14377\/1\/Orlando%20di%20Lasso.mp3\"><\/audio><\/figure>\n\n\n\n<p class=\"has-text-align-center\"><strong>Orlando di Lasso<\/strong><\/p>\n\n\n\n<hr class=\"wp-block-separator has-css-opacity\"\/>\n\n\n\n<br><p class=\"has-text-align-center\"><strong><em>Georg Friedrich H\u00e4ndel<\/strong><\/p>\n\n\n\n<figure class=\"wp-block-audio\"><audio controls src=\"https:\/\/pbc.uw.edu.pl\/13817\/1\/Danilewicz_Andrzej_Mesjasz_cz.1.mp3\"><\/audio><\/figure>\n\n\n\n<p class=\"has-text-align-center\">Figury retoryczne w oratorium Mesjasz<\/p>\n\n\n\n<figure class=\"wp-block-audio\"><audio controls src=\"https:\/\/pbc.uw.edu.pl\/13817\/2\/Danilewicz_Andrzej_Mesjasz_cz.2.mp3\"><\/audio><\/figure>\n\n\n\n<p class=\"has-text-align-center\">Druga cz\u0119\u015b\u0107 oratorium Mesjasz<\/p>\n\n\n\n<figure class=\"wp-block-audio\"><audio controls src=\"https:\/\/pbc.uw.edu.pl\/13817\/3\/Danilewicz_Andrzej_Mesjasz_cz.3.mp3\"><\/audio><\/figure>\n\n\n\n<p class=\"has-text-align-center\">Trzecia cz\u0119\u015b\u0107 oratorium Mesjasz<\/p>\n\n\n\n<hr class=\"wp-block-separator has-css-opacity\"\/>\n\n\n\n<p class=\"has-text-align-center\"> <strong><em>Johann Sebastian Bach<\/em><\/strong><\/p>\n\n\n\n<figure class=\"wp-block-audio\"><audio controls src=\"https:\/\/pbc.uw.edu.pl\/13818\/1\/Danilewicz_Andrzej_%20Sylwetka_Jana_Sebastiana_Bacha.mp3\"><\/audio><\/figure>\n\n\n\n<p class=\"has-text-align-center\">Sylwetka<\/p>\n\n\n\n<figure class=\"wp-block-audio\"><audio controls src=\"https:\/\/pbc.uw.edu.pl\/13818\/2\/Danilewicz_Andrzej_%20Pasja.mp3\"><\/audio><\/figure>\n\n\n\n<p class=\"has-text-align-center\">Pasja wed\u0142ug \u015bw. Jana<\/p>\n\n\n\n<figure class=\"wp-block-audio\"><audio controls src=\"https:\/\/pbc.uw.edu.pl\/13818\/3\/Danilewicz_Andrzej_Msza_h_moll_cz1.mp3\"><\/audio><\/figure>\n\n\n\n<p class=\"has-text-align-center\">Msza h moll cz.I<\/p>\n\n\n\n<figure class=\"wp-block-audio\"><audio controls src=\"https:\/\/pbc.uw.edu.pl\/13818\/4\/Danilewicz_Andrzej_Msza_h_moll_cz2.mp3\"><\/audio><\/figure>\n\n\n\n<p class=\"has-text-align-center\">Msza h moll cz.II<\/p>\n\n\n\n<figure class=\"wp-block-audio\"><audio controls src=\"https:\/\/pbc.uw.edu.pl\/13818\/5\/Danilewicz_Andrzej_Msza_h_moll_cz3.mp3\"><\/audio><\/figure>\n\n\n\n<p class=\"has-text-align-center\">Msza h moll cz.III<\/p>\n\n\n\n<hr class=\"wp-block-separator has-css-opacity\"\/>\n\n\n\n<p class=\"has-text-align-center\"> <strong><em>Wolfgang Amadeus Mozar<\/em>t<\/strong><\/p>\n\n\n\n<figure class=\"wp-block-audio\"><audio controls src=\"https:\/\/pbc.uw.edu.pl\/13819\/1\/Wolfgang_Amadeus_Mozart_cz1.mp3\"><\/audio><\/figure>\n\n\n\n<p class=\"has-text-align-center\">Sylwetka<\/p>\n\n\n\n<figure class=\"wp-block-audio\"><audio controls src=\"https:\/\/pbc.uw.edu.pl\/13819\/2\/Wolfgang_Amadeus_Mozart_cz2.mp3\"><\/audio><\/figure>\n\n\n\n<p class=\"has-text-align-center\">Dzie\u0142a<\/p>\n\n\n\n<figure class=\"wp-block-audio\"><audio controls src=\"https:\/\/pbc.uw.edu.pl\/13819\/3\/Requiem.mp3\"><\/audio><\/figure>\n\n\n\n<p class=\"has-text-align-center\">Requiem<\/p>\n\n\n\n<hr class=\"wp-block-separator has-css-opacity\"\/>\n\n\n\n<p class=\"has-text-align-center\"><strong><em>Franz Joseph Haydn<\/em><\/strong><\/p>\n\n\n\n<figure class=\"wp-block-audio\"><audio controls src=\"https:\/\/pbc.uw.edu.pl\/14382\/1\/Haydn%20cz%201.mp3\"><\/audio><\/figure>\n\n\n\n<p class=\"has-text-align-center\">Posta\u0107 Franza Josepha Haydna<\/p>\n\n\n\n<figure class=\"wp-block-audio\"><audio controls src=\"https:\/\/pbc.uw.edu.pl\/14382\/2\/Haydn%20cz%202.mp3\"><\/audio><\/figure>\n\n\n\n<p class=\"has-text-align-center\">Dzie\u0142a   Franza Josepha Haydna <\/p>\n\n\n\n<figure class=\"wp-block-audio\"><audio controls src=\"https:\/\/pbc.uw.edu.pl\/14382\/3\/Oratorium_Stworzenie_Swiata.mp3\"><\/audio><\/figure>\n\n\n\n<p class=\"has-text-align-center\">Oratorium <em>Stworzenie \u015awiata<\/em><\/p>\n\n\n\n<hr class=\"wp-block-separator has-css-opacity\"\/>\n\n\n\n<p class=\"has-text-align-center\"><strong><em>Ludwig van Beethoven<\/em><\/strong><\/p>\n\n\n\n<figure class=\"wp-block-audio\"><audio controls src=\"https:\/\/pbc.uw.edu.pl\/14372\/1\/Ludwig%20van%20Beethoven.mp3\"><\/audio><\/figure>\n\n\n\n<p class=\"has-text-align-center\">Posta\u0107  Ludwiga van Beethovena<\/p>\n\n\n\n<figure class=\"wp-block-audio\"><audio controls src=\"https:\/\/pbc.uw.edu.pl\/14372\/2\/Beethoven_Missa%20solemnis.mp3\"><\/audio><\/figure>\n\n\n\n<p class=\"has-text-align-center\">Missa Solemnis<\/p>\n\n\n\n<hr class=\"wp-block-separator has-css-opacity\"\/>\n\n\n\n<p class=\"has-text-align-center\"><em><strong>Franz Schubert<\/strong><\/em><\/p>\n\n\n\n<figure class=\"wp-block-audio\"><audio controls src=\"https:\/\/pbc.uw.edu.pl\/14379\/1\/Schubert%20cz%201.mp3\"><\/audio><\/figure>\n\n\n\n<p class=\"has-text-align-center\">Posta\u0107 Franza Schuberta<\/p>\n\n\n\n<figure class=\"wp-block-audio\"><audio controls src=\"https:\/\/pbc.uw.edu.pl\/14379\/2\/Schubert%20cz%202.mp3\"><\/audio><\/figure>\n\n\n\n<p class=\"has-text-align-center\">Dzie\u0142a Franza Schuberta<\/p>\n\n\n\n<hr class=\"wp-block-separator has-css-opacity\"\/>\n\n\n\n<figure class=\"wp-block-audio\"><audio controls src=\"https:\/\/pbc.uw.edu.pl\/14375\/1\/Liszt.mp3\"><\/audio><\/figure>\n\n\n\n<p class=\"has-text-align-center\">&nbsp;<strong>Ferenc Liszt<\/strong><\/p>\n\n\n\n<figure class=\"wp-block-audio\"><audio controls src=\"https:\/\/pbc.uw.edu.pl\/14373\/1\/Bruckner.mp3\"><\/audio><\/figure>\n\n\n\n<p class=\"has-text-align-center\"><strong>Anton Bruckner<\/strong><\/p>\n\n\n\n<figure class=\"wp-block-audio\"><audio controls src=\"https:\/\/pbc.uw.edu.pl\/14381\/1\/Stowarzyszenie%20sw%20Cecylii.mp3\"><\/audio><\/figure>\n\n\n\n<p class=\"has-text-align-center\"><strong>Towarzystwo \u015awi\u0119tej Cecylii<\/strong><\/p>\n\n\n\n<figure class=\"wp-block-audio\"><audio controls src=\"https:\/\/pbc.uw.edu.pl\/14380\/1\/Rachmaninow.mp3\"><\/audio><\/figure>\n\n\n\n<p class=\"has-text-align-center\"><strong>Siergiej Rachmaninow<\/strong><\/p>\n\n\n\n<figure class=\"wp-block-audio\"><audio controls src=\"https:\/\/pbc.uw.edu.pl\/14383\/1\/Arvo%20P%C3%A4rt.mp3\"><\/audio><\/figure>\n\n\n\n<p class=\"has-text-align-center\"> <strong>Arvo P\u00e4rt <\/strong> <\/p>\n\n\n\n<figure class=\"wp-block-audio\"><audio controls src=\"https:\/\/pbc.uw.edu.pl\/13839\/3\/Danilewicz_Andrzej_Henryk_Gorecki.mp3\"><\/audio><\/figure>\n\n\n\n<p class=\"has-text-align-center\"><strong>Henryk Miko\u0142aj G\u00f3recki<\/strong><\/p>\n\n\n\n<figure class=\"wp-block-audio\"><audio controls src=\"https:\/\/pbc.uw.edu.pl\/13839\/4\/Danilewicz_Andrzej_Jan_Garbarek.mp3\"><\/audio><\/figure>\n\n\n\n<p class=\"has-text-align-center\"> <strong>Jan Garbarek<\/strong><\/p>\n\n\n\n<figure class=\"wp-block-audio\"><audio controls src=\"https:\/\/pbc.uw.edu.pl\/14378\/1\/Nieszpory.mp3\"><\/audio><\/figure>\n\n\n\n<p class=\"has-text-align-center\"><strong>Jan Kanty Pawlu\u015bkiewicz<\/strong><\/p>\n\n\n\n<p><\/p>\n","protected":false},"excerpt":{"rendered":"<div class=\"mh-excerpt\"> <a class=\"mh-excerpt-more\" href=\"https:\/\/muzeumpolonii.uw.edu.pl\/?page_id=2428\" title=\"Z muzycznego skarbca ko\u015bcio\u0142a\">[&#8230;]<\/a><\/div>\n","protected":false},"author":1,"featured_media":0,"parent":0,"menu_order":0,"comment_status":"closed","ping_status":"closed","template":"","meta":{"footnotes":""},"class_list":["post-2428","page","type-page","status-publish"],"_links":{"self":[{"href":"https:\/\/muzeumpolonii.uw.edu.pl\/index.php?rest_route=\/wp\/v2\/pages\/2428","targetHints":{"allow":["GET"]}}],"collection":[{"href":"https:\/\/muzeumpolonii.uw.edu.pl\/index.php?rest_route=\/wp\/v2\/pages"}],"about":[{"href":"https:\/\/muzeumpolonii.uw.edu.pl\/index.php?rest_route=\/wp\/v2\/types\/page"}],"author":[{"embeddable":true,"href":"https:\/\/muzeumpolonii.uw.edu.pl\/index.php?rest_route=\/wp\/v2\/users\/1"}],"replies":[{"embeddable":true,"href":"https:\/\/muzeumpolonii.uw.edu.pl\/index.php?rest_route=%2Fwp%2Fv2%2Fcomments&post=2428"}],"version-history":[{"count":119,"href":"https:\/\/muzeumpolonii.uw.edu.pl\/index.php?rest_route=\/wp\/v2\/pages\/2428\/revisions"}],"predecessor-version":[{"id":4654,"href":"https:\/\/muzeumpolonii.uw.edu.pl\/index.php?rest_route=\/wp\/v2\/pages\/2428\/revisions\/4654"}],"wp:attachment":[{"href":"https:\/\/muzeumpolonii.uw.edu.pl\/index.php?rest_route=%2Fwp%2Fv2%2Fmedia&parent=2428"}],"curies":[{"name":"wp","href":"https:\/\/api.w.org\/{rel}","templated":true}]}}