{"id":223,"date":"2017-11-30T08:48:37","date_gmt":"2017-11-30T08:48:37","guid":{"rendered":"https:\/\/muzeumpolonii.uw.edu.pl\/?page_id=223"},"modified":"2025-03-26T18:11:59","modified_gmt":"2025-03-26T17:11:59","slug":"francja","status":"publish","type":"page","link":"https:\/\/muzeumpolonii.uw.edu.pl\/?page_id=223","title":{"rendered":"Chile"},"content":{"rendered":"<hr \/>\n<figure id=\"attachment_461\" aria-describedby=\"caption-attachment-461\" style=\"width: 222px\" class=\"wp-caption alignleft\"><img loading=\"lazy\" decoding=\"async\" class=\"size-medium wp-image-1114 alignleft\" src=\"https:\/\/muzeumpolonii.uw.edu.pl\/wp-content\/uploads\/2020\/03\/Domeyko-222x300.jpg\" alt=\"\" width=\"222\" height=\"300\" srcset=\"https:\/\/muzeumpolonii.uw.edu.pl\/wp-content\/uploads\/2020\/03\/Domeyko-222x300.jpg 222w, https:\/\/muzeumpolonii.uw.edu.pl\/wp-content\/uploads\/2020\/03\/Domeyko.jpg 383w\" sizes=\"auto, (max-width: 222px) 100vw, 222px\" \/><figcaption id=\"caption-attachment-461\" class=\"wp-caption-text\">Popiersie Ignacego Domeyki na Uniwersytecie w Santiago de Chile<\/figcaption><\/figure>\n<p>Ignacy Domeyko (1802-1889) geolog, in\u017cynier g\u00f3rnictwa, badacz Ameryki Po\u0142udniowej. Studiowa\u0142 na Uniwersytecie Wile\u0144skim. Po powstaniu listopadowym przebywa\u0142 na emigracji w Pary\u017cu, gdzie studiowa\u0142 w \u00c9cole des Mines. Po jej uko\u0144czeniu przyj\u0105\u0142 propozycj\u0119 obj\u0119cia stanowisko wyk\u0142adowcy chemii i mineralogii w Coquimbo, w p\u00f3\u0142nocnym Chile. Opr\u00f3cz pracy badawczej i dydaktycznej pisa\u0142 podr\u0119czniki. Najwa\u017cniejszy z nich, to podr\u0119cznik mineralogii: <em>Elementos de mineralogia o del conocimiento de las especies minerale en jeneral i en particular de las de Chile<\/em>. Znalaz\u0142y si\u0119 w nim opisy nowych minera\u0142\u00f3w, po raz pierwszy opisane przez Domeyk\u0119. M.in. arketyt, amiolit i domeykit (nazwa pochodzi od jego nazwiska). Opisa\u0142 te\u017c w\u0142asno\u015bci znanych wcze\u015bniej minera\u0142\u00f3w. Podr\u0119cznik Domeyki zdoby\u0142 mi\u0119dzynarodow\u0105 s\u0142aw\u0119 i d\u0142ugo by\u0142 cytowany w \u015bwiatowej literaturze przedmiotu. Z Chile wysy\u0142a\u0142 do Polski zbiory minera\u0142\u00f3w. Dzi\u0119ki zainicjowanym przez niego licznym badaniom mineralogicznym i geologicznym rozwin\u0105\u0142 si\u0119 w Chile przemys\u0142 g\u00f3rniczy. Domeyko przyczyni\u0142 si\u0119 do upowszechnienia w Chile o\u015bwiaty. Stoj\u0105c przez szereg lat na stanowisku rektora uniwersytetu Universidad de Chile w Santiago, dba\u0142 nie tylko o rozw\u00f3j nauki, ale r\u00f3wnie o\u015bwiaty i kultury. W Chile by\u0142 ceniony i szanowany. Na jego cze\u015b\u0107 nazwano pasmo g\u00f3rskie G\u00f3rami Domeyki (Cordillera de Domeyko), a jedna z miejscowo\u015bci nosi jego imi\u0119 (Domeyko).<a href=\"https:\/\/pbc.uw.edu.pl\/view\/divisions\/arch=5Fdomeyko.html\" target=\"_blank\" rel=\"noopener noreferrer\"> Urz\u0119dow\u0105 korespondencj\u0119 Domeyki<\/a> zamieszcza Polonijna Biblioteka Cyfrowa.\u00a0\u00a0Za\u0142o\u017cona w Buenos Aires najwi\u0119ksza polonijna biblioteka w Ameryce Po\u0142udniowej nosi imi\u0119 Ignacego Domeyko. Zob. <a href=\"https:\/\/bibliotecadomeyko.com.ar\/\" target=\"_blank\" rel=\"noopener noreferrer\">Biblioteca Polaca Ignacio Domeyko<\/a>.<\/p>\n<figure id=\"attachment_463\" aria-describedby=\"caption-attachment-463\" style=\"width: 238px\" class=\"wp-caption alignleft\"><img loading=\"lazy\" decoding=\"async\" class=\" wp-image-1119 alignleft\" src=\"https:\/\/muzeumpolonii.uw.edu.pl\/wp-content\/uploads\/2020\/03\/Domeyko_Cmentarz-199x300.jpg\" alt=\"\" width=\"238\" height=\"359\" srcset=\"https:\/\/muzeumpolonii.uw.edu.pl\/wp-content\/uploads\/2020\/03\/Domeyko_Cmentarz-199x300.jpg 199w, https:\/\/muzeumpolonii.uw.edu.pl\/wp-content\/uploads\/2020\/03\/Domeyko_Cmentarz.jpg 680w\" sizes=\"auto, (max-width: 238px) 100vw, 238px\" \/><figcaption id=\"caption-attachment-463\" class=\"wp-caption-text\">Grobowiec Ignacego Domeyki na Cmentarzu Generalnym w Santiago<\/figcaption><\/figure>\n","protected":false},"excerpt":{"rendered":"<div class=\"mh-excerpt\"> <a class=\"mh-excerpt-more\" href=\"https:\/\/muzeumpolonii.uw.edu.pl\/?page_id=223\" title=\"Chile\">[&#8230;]<\/a><\/div>\n","protected":false},"author":1,"featured_media":0,"parent":0,"menu_order":0,"comment_status":"closed","ping_status":"closed","template":"","meta":{"footnotes":""},"class_list":["post-223","page","type-page","status-publish"],"_links":{"self":[{"href":"https:\/\/muzeumpolonii.uw.edu.pl\/index.php?rest_route=\/wp\/v2\/pages\/223","targetHints":{"allow":["GET"]}}],"collection":[{"href":"https:\/\/muzeumpolonii.uw.edu.pl\/index.php?rest_route=\/wp\/v2\/pages"}],"about":[{"href":"https:\/\/muzeumpolonii.uw.edu.pl\/index.php?rest_route=\/wp\/v2\/types\/page"}],"author":[{"embeddable":true,"href":"https:\/\/muzeumpolonii.uw.edu.pl\/index.php?rest_route=\/wp\/v2\/users\/1"}],"replies":[{"embeddable":true,"href":"https:\/\/muzeumpolonii.uw.edu.pl\/index.php?rest_route=%2Fwp%2Fv2%2Fcomments&post=223"}],"version-history":[{"count":6,"href":"https:\/\/muzeumpolonii.uw.edu.pl\/index.php?rest_route=\/wp\/v2\/pages\/223\/revisions"}],"predecessor-version":[{"id":5607,"href":"https:\/\/muzeumpolonii.uw.edu.pl\/index.php?rest_route=\/wp\/v2\/pages\/223\/revisions\/5607"}],"wp:attachment":[{"href":"https:\/\/muzeumpolonii.uw.edu.pl\/index.php?rest_route=%2Fwp%2Fv2%2Fmedia&parent=223"}],"curies":[{"name":"wp","href":"https:\/\/api.w.org\/{rel}","templated":true}]}}