{"id":213,"date":"2017-11-30T08:15:00","date_gmt":"2017-11-30T08:15:00","guid":{"rendered":"https:\/\/muzeumpolonii.uw.edu.pl\/?page_id=213"},"modified":"2023-05-06T17:04:54","modified_gmt":"2023-05-06T15:04:54","slug":"jamajka","status":"publish","type":"page","link":"https:\/\/muzeumpolonii.uw.edu.pl\/?page_id=213","title":{"rendered":"Jamajka"},"content":{"rendered":"\n<hr color=\"red\">\n<figure id=\"attachment_364\" aria-describedby=\"caption-attachment-364\" style=\"width: 544px\" class=\"wp-caption aligncenter\"><img loading=\"lazy\" decoding=\"async\" class=\"alignnone  wp-image-1230\" src=\"https:\/\/muzeumpolonii.uw.edu.pl\/wp-content\/uploads\/2020\/03\/Obrebski-1-300x231.jpg\" alt=\"\" width=\"544\" height=\"419\" srcset=\"https:\/\/muzeumpolonii.uw.edu.pl\/wp-content\/uploads\/2020\/03\/Obrebski-1-300x231.jpg 300w, https:\/\/muzeumpolonii.uw.edu.pl\/wp-content\/uploads\/2020\/03\/Obrebski-1-1024x787.jpg 1024w, https:\/\/muzeumpolonii.uw.edu.pl\/wp-content\/uploads\/2020\/03\/Obrebski-1-768x590.jpg 768w, https:\/\/muzeumpolonii.uw.edu.pl\/wp-content\/uploads\/2020\/03\/Obrebski-1.jpg 1219w\" sizes=\"auto, (max-width: 544px) 100vw, 544px\" \/><figcaption id=\"caption-attachment-364\" class=\"wp-caption-text\"><center>J\u00f3zef Obr\u0119bski na Jamajce<\/center><\/figcaption><\/figure>\n\n<p>Unikalne badania rustykalnej spo\u0142eczno\u015bci Jamajki prowadzi\u0142 polski etnologi, slawista i socjolog J\u00f3zef Obr\u0119bski (1905 &#8211; 1967). J\u00f3zef Obr\u0119bski studiowa\u0142 etnografi\u0119 i filologi\u0119 s\u0142owia\u0144sk\u0105 w Krakowie u Kazimierza Moszy\u0144skiego i Kazimierza Nitscha (1926-1930). Studia doktoranckie (1931-1933) podj\u0105\u0142 u Bronis\u0142awa Malinowskiego, w London School of Economics. Specjalizowa\u0142 si\u0119 w metodach pracy terenowej i antropologii spo\u0142ecznej. W latach 1932-1933 prowadzi\u0142 badania terenowe w Macedonii. Po powrocie do kraju prowadzi\u0142 badania na zachodnim Polesiu (1934-1937). W roku 1946 wyjecha\u0142 do Londynu, gdzie rozpocz\u0105\u0142 wsp\u00f3\u0142prac\u0119 z London School of Economics. W ramach tej w\u0142a\u015bnie wsp\u00f3\u0142pracy przeprowadzi\u0142 badania terenowe na Jamajce. Z bada\u0144 tych zachowa\u0142 si\u0119 bogaty zbi\u00f3r materia\u0142\u00f3w, kt\u00f3ry obecnie znajduje si\u0119 w <em>Special Collection and University Archives UMass<\/em> w Amherst. Cyfrowa kopia <a href=\"?page_id=1036\" rel=\"noopener noreferrer\"><em>Archiwum Jamajskiego<\/em><\/a> jest w Polonijnej Bibliotece Cyfrowej.<\/p>\n<figure class=\"wp-block-image size-large\"><img decoding=\"async\" src=\"https:\/\/muzeumpolonii.uw.edu.pl\/wp-content\/uploads\/Robotnicy.jpg\" alt=\"\" width=\"574\" class=\"wp-image-4228\" srcset=\"https:\/\/muzeumpolonii.uw.edu.pl\/wp-content\/uploads\/Robotnicy.jpg 768w, https:\/\/muzeumpolonii.uw.edu.pl\/wp-content\/uploads\/Robotnicy-300x293.jpg 300w\" sizes=\"(max-width: 768px) 100vw, 768px\" \/><\/figure>\n<figure class=\"wp-block-image size-large\"><img decoding=\"async\" src=\"https:\/\/muzeumpolonii.uw.edu.pl\/wp-content\/uploads\/Rodzina.jpg\" alt=\"\" width=\"574\" class=\"wp-image-4231\" srcset=\"https:\/\/muzeumpolonii.uw.edu.pl\/wp-content\/uploads\/Rodzina.jpg 768w, https:\/\/muzeumpolonii.uw.edu.pl\/wp-content\/uploads\/Rodzina-300x231.jpg 300w\" sizes=\"(max-width: 768px) 100vw, 768px\" \/><\/figure>\n","protected":false},"excerpt":{"rendered":"<div class=\"mh-excerpt\"> <a class=\"mh-excerpt-more\" href=\"https:\/\/muzeumpolonii.uw.edu.pl\/?page_id=213\" title=\"Jamajka\">[&#8230;]<\/a><\/div>\n","protected":false},"author":1,"featured_media":0,"parent":0,"menu_order":0,"comment_status":"closed","ping_status":"closed","template":"","meta":{"footnotes":""},"class_list":["post-213","page","type-page","status-publish"],"_links":{"self":[{"href":"https:\/\/muzeumpolonii.uw.edu.pl\/index.php?rest_route=\/wp\/v2\/pages\/213","targetHints":{"allow":["GET"]}}],"collection":[{"href":"https:\/\/muzeumpolonii.uw.edu.pl\/index.php?rest_route=\/wp\/v2\/pages"}],"about":[{"href":"https:\/\/muzeumpolonii.uw.edu.pl\/index.php?rest_route=\/wp\/v2\/types\/page"}],"author":[{"embeddable":true,"href":"https:\/\/muzeumpolonii.uw.edu.pl\/index.php?rest_route=\/wp\/v2\/users\/1"}],"replies":[{"embeddable":true,"href":"https:\/\/muzeumpolonii.uw.edu.pl\/index.php?rest_route=%2Fwp%2Fv2%2Fcomments&post=213"}],"version-history":[{"count":12,"href":"https:\/\/muzeumpolonii.uw.edu.pl\/index.php?rest_route=\/wp\/v2\/pages\/213\/revisions"}],"predecessor-version":[{"id":4234,"href":"https:\/\/muzeumpolonii.uw.edu.pl\/index.php?rest_route=\/wp\/v2\/pages\/213\/revisions\/4234"}],"wp:attachment":[{"href":"https:\/\/muzeumpolonii.uw.edu.pl\/index.php?rest_route=%2Fwp%2Fv2%2Fmedia&parent=213"}],"curies":[{"name":"wp","href":"https:\/\/api.w.org\/{rel}","templated":true}]}}