{"id":1036,"date":"2020-03-11T20:20:00","date_gmt":"2020-03-11T19:20:00","guid":{"rendered":"https:\/\/muzeumpolonii.uw.edu.pl\/?page_id=1036"},"modified":"2024-03-16T17:57:17","modified_gmt":"2024-03-16T16:57:17","slug":"archiwum-jamajskie","status":"publish","type":"page","link":"https:\/\/muzeumpolonii.uw.edu.pl\/?page_id=1036","title":{"rendered":"Archiwum Jamajskie"},"content":{"rendered":"\n<hr color=\"red\" \/>\n<p class=\"citation\" target=\"_blank\">\n\n<a href=\"https:\/\/www.pbc.uw.edu.pl\/view\/divisions\/Bull.html\" target=\"_blank\" rel=\"noopener noreferrer\"><em>Bull Savannah &#8212; Family Records<\/em> (282)<\/a>\n \n<\/p>\n\n\n<p class=\"citation\" target=\"_blank\">\n\n\n\n\n<a href=\"https:\/\/www.pbc.uw.edu.pl\/4020\/\" target=\"_blank\" rel=\"noopener noreferrer\"><em>Joseph and Tamara Obrebski Papers<\/em><\/a>. University of Massachusetts, Amherst Library. Archives and Manuscripts. Manuscript Group Number 401.\n\n\n    \n \n<\/p><p class=\"citation\" target=\"_blank\">\n\n\n    <span class=\"person_name\" target=\"_blank\">Kaczmarek, \u0141ukasz<\/span>\n  \n\n(2013)\n\n<a href=\"https:\/\/www.pbc.uw.edu.pl\/4270\/\" target=\"_blank\" rel=\"noopener noreferrer\"><em>Antropologiczna rewizyta terenowa. Strategia zagro\u017cona systemowo.<\/em><\/a>\n\n\n    \n      In:  \n      Zeszyty Etnologii Wroc\u0142awskiej 2013, nr 2(19), s. 17-41,.\n    \n    \n    \n    \n \n<\/p><p class=\"citation\" target=\"_blank\">\n\n\n    <span class=\"person_name\" target=\"_blank\">Kutrzeba-Pojnarowa, Anna<\/span>\n  \n\n(1977)\n\n<a href=\"https:\/\/www.pbc.uw.edu.pl\/517\/\" target=\"_blank\" rel=\"noopener noreferrer\"><em>J\u00f3zef Obr\u0119bski.<\/em><\/a>\n\n\n    \n      In:  \n      Etnografia Polska, 1972, z.1.\n    \n    \n    \n    \n \n<\/p><p class=\"citation\" target=\"_blank\">\n\n\n    <span class=\"person_name\" target=\"_blank\">Obr\u0119bski, J\u00f3zef<\/span>\n  \n\n(1948)\n\n<a href=\"https:\/\/www.pbc.uw.edu.pl\/4088\/\" target=\"_blank\" rel=\"noopener noreferrer\"><em>Jamaican Series.<\/em><\/a>\n\n\n    .\n \n<\/p><p class=\"citation\" target=\"_blank\">\n\n\n    <span class=\"person_name\" target=\"_blank\">Posern-Zieli\u0144ski, Aleksander<\/span>\n  \n\n(2006)\n\n<a href=\"https:\/\/www.pbc.uw.edu.pl\/3390\/\" target=\"_blank\" rel=\"noopener noreferrer\"><em>J\u00f3zef Obr\u0119bski i antropologia Karaib\u00f3w.<\/em><\/a>\n \n \n<\/p>\n<p class=\"citation\" target=\"_blank\">\n\n<a href=\"https:\/\/www.pbc.uw.edu.pl\/view\/divisions\/Warsap.html\" target=\"_blank\" rel=\"noopener noreferrer\"><em>Warsop &#8212; Family Records<\/em><\/a> (174)\n \n<\/p>\n","protected":false},"excerpt":{"rendered":"<div class=\"mh-excerpt\"> <a class=\"mh-excerpt-more\" href=\"https:\/\/muzeumpolonii.uw.edu.pl\/?page_id=1036\" title=\"Archiwum Jamajskie\">[&#8230;]<\/a><\/div>\n","protected":false},"author":1,"featured_media":0,"parent":0,"menu_order":0,"comment_status":"closed","ping_status":"closed","template":"","meta":{"footnotes":""},"class_list":["post-1036","page","type-page","status-publish"],"_links":{"self":[{"href":"https:\/\/muzeumpolonii.uw.edu.pl\/index.php?rest_route=\/wp\/v2\/pages\/1036","targetHints":{"allow":["GET"]}}],"collection":[{"href":"https:\/\/muzeumpolonii.uw.edu.pl\/index.php?rest_route=\/wp\/v2\/pages"}],"about":[{"href":"https:\/\/muzeumpolonii.uw.edu.pl\/index.php?rest_route=\/wp\/v2\/types\/page"}],"author":[{"embeddable":true,"href":"https:\/\/muzeumpolonii.uw.edu.pl\/index.php?rest_route=\/wp\/v2\/users\/1"}],"replies":[{"embeddable":true,"href":"https:\/\/muzeumpolonii.uw.edu.pl\/index.php?rest_route=%2Fwp%2Fv2%2Fcomments&post=1036"}],"version-history":[{"count":7,"href":"https:\/\/muzeumpolonii.uw.edu.pl\/index.php?rest_route=\/wp\/v2\/pages\/1036\/revisions"}],"predecessor-version":[{"id":4783,"href":"https:\/\/muzeumpolonii.uw.edu.pl\/index.php?rest_route=\/wp\/v2\/pages\/1036\/revisions\/4783"}],"wp:attachment":[{"href":"https:\/\/muzeumpolonii.uw.edu.pl\/index.php?rest_route=%2Fwp%2Fv2%2Fmedia&parent=1036"}],"curies":[{"name":"wp","href":"https:\/\/api.w.org\/{rel}","templated":true}]}}